{"id":751,"date":"2016-11-15T05:23:51","date_gmt":"2016-11-15T05:23:51","guid":{"rendered":"http:\/\/ulysse.pro\/?page_id=751"},"modified":"2018-05-11T18:13:30","modified_gmt":"2018-05-11T18:13:30","slug":"doc-project","status":"publish","type":"page","link":"https:\/\/ulysse.pro\/?page_id=751","title":{"rendered":"ANTTI LOVAG project"},"content":{"rendered":"<p>Demo project (old version), Antti Lovag documentary work-in-progress.<br \/>\nVivre dans une bulle \/ Life in a Bubble.<br \/>\nDirected by Ulysse Dikoume\u0301 A<\/p>\n<p><iframe loading=\"lazy\" src=\"https:\/\/player.vimeo.com\/video\/191568771\" width=\"640\" height=\"360\" frameborder=\"0\" allowfullscreen=\"allowfullscreen\"><\/iframe><\/p>\n<p class=\"p1\">Antti Lovag est un altruiste discret, et parfois reconnu.\u00a0N\u2019a-t-il pas cr\u00e9\u00e9 la Maison de Pierre Cardin et la Maison\u00a0Gaudet, class\u00e9e monument historique en 1998 !<\/p>\n<p class=\"p1\">Mais ce n\u2019est qu\u2019un aspect visible de son oeuvre.<\/p>\n<p class=\"p1\">Dans notre monde dit moderne, o\u00f9 les angles droits sont\u00a0rois, un personnage nomm\u00e9 Antti Lovag a retrouv\u00e9 les\u00a0courbes de la terre.\u00a0Depuis la nuit des temps les peuples se sont inspir\u00e9s de la\u00a0nature pour cr\u00e9er leurs lieux de vie.\u00a0Ils ont toujours construit par leurs propres moyens en\u00a0allant directement \u00e0 l\u2019essentiel et uniquement en fonction\u00a0de leurs besoins. Toujours, ils furent en totale harmonie\u00a0avec l\u2019environnement.\u00a0L\u2019\u00e9volution et l\u2019expansion des \u00eatres humains les ont\u00a0fatalement amen\u00e9 \u00e0 vivre dans des soci\u00e9t\u00e9s de plus en plus\u00a0g\u00e9r\u00e9es et contr\u00f4l\u00e9es. Un jeu de Sim\u2019s g\u00e9ant a fait surgir de\u00a0plus en plus de grandes villes o\u00f9 cohabitent des millions\u00a0d\u2019\u00eatres vivants. Cons\u00e9quence : les villes se sont agrandies jusqu\u2019\u00e0 envahir la campagne.\u00a0Vivre dans une bulle fait un constat de l\u2019architecture et de\u00a0l\u2019urbanisme dans nos pays d\u00e9velopp\u00e9s. C\u2019est un monde de lignes droites et d\u2019angles. Un conditionnement qui nous est\u00a0devenu presque invisible, tant notre quotidien absorbe le\u00a0temps de poser les questions simples :<\/p>\n<p class=\"p1\">Notre habitat nous convient-il vraiment ?\u00a0Pourquoi tant de lignes droites et ar\u00eates ?\u00a0Avons-nous eu le choix ?<\/p>\n<p class=\"p1\">Dans ce monde o\u00f9 l\u2019angle est roi, Antti Lovag, par la\u00a0courbe, nous ram\u00e8ne \u00e0 la forme originelle de la terre.<\/p>\n<p class=\"p1\" style=\"text-align: center;\">&#8230;&#8230;&#8230;&#8230;&#8230;&#8230;<\/p>\n<p>In a world of straight lines\u2026 one man threw us for a loop.<br \/>\nAntti Lovag is best known as the creator of the bubble home. This adventurer and artist, who had an architect friend sign his building plans because he did not have a degree, is now recognized as one of the most original voices in architecture. His fantastical bubble palaces, some of which are classified as national historic monuments in France, are a beacon for future generations. They challenge us to imagine and do things differently &#8211; to turn away from the straight path.<br \/>\nAntti Lovag amazing homes are more than the whimsy of an eccentric; they are a return to the original form of the earth &#8211; the curve. Since the dawn of time people have looked to nature to create their living spaces. Our early ancestors built according to their needs with the materials which surrounded them. Their homes, and lives, were in harmony with their natural habitat. But with the expansion of the human race, and the evolution of building.<\/p>\n<p>Articles:<\/p>\n<p><a href=\"http:\/\/docplayer.fr\/23272846-14-18-nov-doc-circuit-montreal-marche-du-documentaire-documentary-marketplace-doccircuitmontreal-ca.html\">http:\/\/docplayer.fr\/23272846-14-18-nov-doc-circuit-montreal-marche-du-documentaire-documentary-marketplace-doccircuitmontreal-ca.html<\/a>\u00a0(Page 12, RIDM Face-\u00e0-face de la rel\u00e8ve)<\/p>\n<p><a href=\"http:\/\/www.iledenantes.com\/fr\/actualites\/338-tous-au-cinema-pour-enchanter-la-ville.html\">http:\/\/www.iledenantes.com\/fr\/actualites\/338-tous-au-cinema-pour-enchanter-la-ville.html<\/a><\/p>\n<p><a href=\"https:\/\/www.novabuild.fr\/sites\/default\/files\/actualite\/pdf\/2018\/04\/dossier_informatif_festival_reperages3.pdf\">https:\/\/www.novabuild.fr\/sites\/default\/files\/actualite\/pdf\/2018\/04\/dossier_informatif_festival_reperages3.pdf<\/a><\/p>\n<p><a href=\"https:\/\/completement.nantes.fr\/agenda\/cine-debat-les-urbanautes-associes\">https:\/\/completement.nantes.fr\/agenda\/cine-debat-les-urbanautes-associes<\/a><\/p>\n<p>&nbsp;<\/p>\n<p>Directed, filmed &amp; edited by : Ulysse Dikoum\u00e9 A.<br \/>\n<a href=\"http:\/\/ulysse-da.tumblr.com\/\">ulysse-da.tumblr.com<\/a><br \/>\nulyssedikoumealechinsky@gmail.com<\/p>\n<p>. Graphic logo Antti Lovag : Chlo\u00e9 Bastide<br \/>\n. A\u00e9rial shots : Ulysse Dikoum\u00e9 A &amp; Louis Boiteau<br \/>\n. Translation subtitles : Alexandre Erriquez.<\/p>\n<p>&nbsp;<\/p>\n<p>Copyright. Ulysse Dikoum\u00e9 Alechinsky.<\/p>\n","protected":false},"excerpt":{"rendered":"<p>Demo project (old version), Antti Lovag documentary work-in-progress. Vivre dans une bulle \/ Life in a Bubble. Directed by Ulysse Dikoume\u0301 A Antti Lovag est un altruiste discret, et parfois reconnu.\u00a0N\u2019a-t-il pas cr\u00e9\u00e9 la Maison de Pierre Cardin et la Maison\u00a0Gaudet, class\u00e9e monument historique en 1998 ! Mais ce n\u2019est qu\u2019un aspect visible de son [&hellip;]<\/p>\n","protected":false},"author":3,"featured_media":0,"parent":0,"menu_order":0,"comment_status":"closed","ping_status":"closed","template":"","meta":{"footnotes":""},"class_list":["post-751","page","type-page","status-publish","hentry"],"aioseo_notices":[],"_links":{"self":[{"href":"https:\/\/ulysse.pro\/index.php?rest_route=\/wp\/v2\/pages\/751","targetHints":{"allow":["GET"]}}],"collection":[{"href":"https:\/\/ulysse.pro\/index.php?rest_route=\/wp\/v2\/pages"}],"about":[{"href":"https:\/\/ulysse.pro\/index.php?rest_route=\/wp\/v2\/types\/page"}],"author":[{"embeddable":true,"href":"https:\/\/ulysse.pro\/index.php?rest_route=\/wp\/v2\/users\/3"}],"replies":[{"embeddable":true,"href":"https:\/\/ulysse.pro\/index.php?rest_route=%2Fwp%2Fv2%2Fcomments&post=751"}],"version-history":[{"count":32,"href":"https:\/\/ulysse.pro\/index.php?rest_route=\/wp\/v2\/pages\/751\/revisions"}],"predecessor-version":[{"id":950,"href":"https:\/\/ulysse.pro\/index.php?rest_route=\/wp\/v2\/pages\/751\/revisions\/950"}],"wp:attachment":[{"href":"https:\/\/ulysse.pro\/index.php?rest_route=%2Fwp%2Fv2%2Fmedia&parent=751"}],"curies":[{"name":"wp","href":"https:\/\/api.w.org\/{rel}","templated":true}]}}